{"id":45,"date":"2022-03-30T00:14:53","date_gmt":"2022-03-30T00:14:53","guid":{"rendered":"https:\/\/hayta.org\/?page_id=45"},"modified":"2022-03-30T00:14:53","modified_gmt":"2022-03-30T00:14:53","slug":"kurallar","status":"publish","type":"page","link":"https:\/\/hayta.org\/?page_id=45","title":{"rendered":"Kurallar"},"content":{"rendered":"\n<p><strong>Hayta IRCD Network Sohbet A\u011f\u0131 Kurallar\u0131<\/strong><br><\/p>\n\n\n\n<p><em>Sohbet a\u011f\u0131m\u0131za 18 (onsekiz) ya\u015f\u0131ndan k\u00fc\u00e7\u00fcklerin girmesi yasakt\u0131r.<\/em><br>Giri\u015f yapan herkes T\u00fcrk aile ve ahlak yap\u0131s\u0131na, \u00f6rf ve adetlerimize<br>uygun rumuz almal\u0131d\u0131r. Ayn\u0131 esaslar do\u011frultusunda odalarda ve<br>\u00f6zel g\u00f6r\u00fc\u015fmelerinde sohbet etmelidir.<br>Din, dil, \u0131rk, siyasi, k\u00fclt\u00fcrel ve ayr\u0131mc\u0131l\u0131\u011fa sebep olacak hi\u00e7bir<br>fikir yada olu\u015fumun savunuculu\u011funu yapmamal\u0131d\u0131r.<br>Herhangi bir maddi kazan\u00e7 amac\u0131 g\u00fcdmemeli, \u00f6zel ve oda sohbetlerinde<br>reklam yada duyuru yapmamal\u0131d\u0131r.<br>K\u00fcf\u00fcr, hakaret yada bir ba\u015fkas\u0131n\u0131n ki\u015fisel sayg\u0131nl\u0131\u011f\u0131n\u0131 zedeleyecek<br>bir davran\u0131\u015fta bulunmamal\u0131, bu ama\u00e7la rumuz almamal\u0131d\u0131r.<br>Cinsellik ve adult i\u00e7erikli rumuzlar ile sohbet odalar\u0131m\u0131za girmemeli<br>T\u00fcrk aile ve ahlak yap\u0131s\u0131na uygun olmayan rumuzlar almamal\u0131d\u0131r.<br>Herhangi bir kullan\u0131c\u0131m\u0131z\u0131n sohbetini olumsuz etkileyecek ve rahats\u0131z<br>edecek davran\u0131\u015flardan ka\u00e7\u0131nmal\u0131d\u0131r.<br>Oda ve sohbet a\u011f\u0131 y\u00f6neticilerinin ald\u0131\u011f\u0131 kararlara uymak zorunda olup,<br>\u015fikayet mekanizmas\u0131n\u0131 bundan sonra kullanmal\u0131d\u0131r.<br>\u015eahsi ileti\u015fim ve kimlik bilgilerini payla\u015fmamal\u0131 tedbirli davranmal\u0131d\u0131r.<br>Sohbet a\u011f\u0131 ak\u0131\u015f\u0131, d\u00fczenini ve i\u015fleyi\u015fini bozacak t\u00fcm davran\u0131\u015flardan<br>ka\u00e7\u0131nmal\u0131d\u0131r.<br>Sohbet a\u011f\u0131 y\u00f6netimi departmanlar\u0131n\u0131 bilgi almak ve \u015fikayet etmek i\u00e7in<br>aktif olarak kullanmal\u0131d\u0131r.<br>Sohbet odalar\u0131n\u0131z\u0131n ve rumuzlar\u0131n\u0131z\u0131n t\u00fcm \u015fifre sorumlulu\u011fu<br>kullan\u0131c\u0131s\u0131na aittir. Y\u00f6netim ve departmanlar\u0131m\u0131z \u00e7al\u0131nma\/kaybetme<br>durumunda mesuliyet kabul etmeyip bu konuda destek sa\u011flamamaktad\u0131r.<br>T\u00fcrkiye Cumhuriyeti yasalar\u0131nda yer alan de\u011fer ve yarg\u0131lara ayk\u0131r\u0131<br>hareket etmek, edilmesine m\u00fcsade etmek ve bu de\u011fer yarg\u0131lar\u0131n\u0131 \u015fahs\u0131nda<br>toplayan devlet b\u00fcy\u00fcklerinin sayg\u0131nl\u0131\u011f\u0131na g\u00f6lge d\u00fc\u015f\u00fcr\u00fcc\u00fc davranmak yasakt\u0131r.<\/p>\n\n\n\n<p><strong>Yapt\u0131r\u0131mlar<\/strong><br>Sohbet a\u011f\u0131 \u00fcst y\u00f6netimi taraf\u0131ndan belirlenen bu kural ve tavsiyelere<br>uyulmamas\u0131 yada uyulmamas\u0131na te\u015fvik edilmesi durumunda y\u00f6netimimiz;<br>Ki\u015finin rumuzuna yada sohbet odas\u0131na el koyma, sohbet a\u011f\u0131ndan uzakla\u015ft\u0131rma<br>ve giri\u015fini engelleme hakk\u0131na sahiptir. Y\u00f6netimimiz ayr\u0131ca ceza-i yapt\u0131r\u0131m\u0131<br>hukuk yoluyla da arama hakk\u0131n\u0131 sakl\u0131 tutmaktad\u0131r.<br>Y\u00f6netimimiz, yasal mercilerden yap\u0131lacak herhangi bir ba\u015fvuru durumunda da<br>haks\u0131zl\u0131\u011f\u0131n ve ma\u011fduriyetin giderilmesine destek olmak amac\u0131yla ba\u011flant\u0131<br>bilgilerinizi payla\u015fmay\u0131 uygun g\u00f6rmektedir.<\/p>\n\n\n\n<p><strong>\u00d6NEML\u0130 :<\/strong> Sohbet a\u011f\u0131m\u0131za giren herkes yaz\u0131l\u0131 ve duyurularla iletilen<br>kurallar\u0131, yapt\u0131r\u0131mlar\u0131n\u0131 kabul etmi\u015f say\u0131l\u0131r<\/p>\n","protected":false},"excerpt":{"rendered":"<p>Hayta IRCD Network Sohbet A\u011f\u0131 Kurallar\u0131 Sohbet a\u011f\u0131m\u0131za 18 (onsekiz) ya\u015f\u0131ndan k\u00fc\u00e7\u00fcklerin girmesi yasakt\u0131r.Giri\u015f yapan herkes T\u00fcrk aile ve ahlak yap\u0131s\u0131na, \u00f6rf ve adetlerimizeuygun rumuz almal\u0131d\u0131r. Ayn\u0131 esaslar do\u011frultusunda odalarda&#8230;<\/p>\n","protected":false},"author":2,"featured_media":0,"parent":0,"menu_order":0,"comment_status":"closed","ping_status":"closed","template":"","meta":{"_mi_skip_tracking":false,"_monsterinsights_sitenote_active":false,"_monsterinsights_sitenote_note":"","_monsterinsights_sitenote_category":0,"footnotes":""},"class_list":["post-45","page","type-page","status-publish","hentry"],"_links":{"self":[{"href":"https:\/\/hayta.org\/index.php?rest_route=\/wp\/v2\/pages\/45","targetHints":{"allow":["GET"]}}],"collection":[{"href":"https:\/\/hayta.org\/index.php?rest_route=\/wp\/v2\/pages"}],"about":[{"href":"https:\/\/hayta.org\/index.php?rest_route=\/wp\/v2\/types\/page"}],"author":[{"embeddable":true,"href":"https:\/\/hayta.org\/index.php?rest_route=\/wp\/v2\/users\/2"}],"replies":[{"embeddable":true,"href":"https:\/\/hayta.org\/index.php?rest_route=%2Fwp%2Fv2%2Fcomments&post=45"}],"version-history":[{"count":1,"href":"https:\/\/hayta.org\/index.php?rest_route=\/wp\/v2\/pages\/45\/revisions"}],"predecessor-version":[{"id":46,"href":"https:\/\/hayta.org\/index.php?rest_route=\/wp\/v2\/pages\/45\/revisions\/46"}],"wp:attachment":[{"href":"https:\/\/hayta.org\/index.php?rest_route=%2Fwp%2Fv2%2Fmedia&parent=45"}],"curies":[{"name":"wp","href":"https:\/\/api.w.org\/{rel}","templated":true}]}}